{"id":7,"date":"2022-11-21T09:10:57","date_gmt":"2022-11-21T08:10:57","guid":{"rendered":"http:\/\/188.213.143.54\/index.php\/home\/"},"modified":"2025-08-29T09:09:35","modified_gmt":"2025-08-29T07:09:35","slug":"sap-formation-fr","status":"publish","type":"page","link":"https:\/\/www.sap-formation.fr\/","title":{"rendered":"Formation SST, incendie et premiers secours petite enfance \u2013 Gironde, Landes, Pyr\u00e9n\u00e9es-Atlantiques"},"content":{"rendered":"\n<figure class=\"wp-block-image size-large is-resized\"><img loading=\"lazy\" decoding=\"async\" width=\"743\" height=\"1024\" src=\"https:\/\/www.sap-formation.fr\/wp-content\/uploads\/2025\/08\/photo-ptits-sages-3-4-743x1024.jpg\" alt=\"\" class=\"wp-image-491\" style=\"width:138px;height:auto\" srcset=\"https:\/\/www.sap-formation.fr\/wp-content\/uploads\/2025\/08\/photo-ptits-sages-3-4-743x1024.jpg 743w, https:\/\/www.sap-formation.fr\/wp-content\/uploads\/2025\/08\/photo-ptits-sages-3-4-218x300.jpg 218w, https:\/\/www.sap-formation.fr\/wp-content\/uploads\/2025\/08\/photo-ptits-sages-3-4-768x1058.jpg 768w, https:\/\/www.sap-formation.fr\/wp-content\/uploads\/2025\/08\/photo-ptits-sages-3-4-1115x1536.jpg 1115w, https:\/\/www.sap-formation.fr\/wp-content\/uploads\/2025\/08\/photo-ptits-sages-3-4.jpg 1242w\" sizes=\"auto, (max-width: 743px) 100vw, 743px\" \/><figcaption class=\"wp-element-caption\">Formation SST, Incendie et Premiers Secours Petite Enfance \u2013 Gironde, Landes, Pyr\u00e9n\u00e9es-Atlantiques<br>SAP Formation est un organisme de formation certifi\u00e9 Qualiopi et habilit\u00e9 INRS, sp\u00e9cialis\u00e9 dans la pr\u00e9vention des risques professionnels.<br>Nous proposons des formations SST (Sauveteur Secouriste du Travail), des formations incendie ainsi que des modules adapt\u00e9s \u00e0 la petite enfance (RPE, MAM, cr\u00e8ches, \u00e9coles).<br>Bas\u00e9s en Gironde, nous intervenons \u00e9galement dans les Landes et les Pyr\u00e9n\u00e9es-Atlantiques pour accompagner les structures et les professionnels \u00e0 se former efficacement aux gestes qui sauvent et \u00e0 la s\u00e9curit\u00e9 incendie.<\/figcaption><\/figure>\n","protected":false},"excerpt":{"rendered":"","protected":false},"author":1,"featured_media":0,"parent":0,"menu_order":0,"comment_status":"closed","ping_status":"closed","template":"templates\/template-homepage.php","meta":{"footnotes":""},"class_list":["post-7","page","type-page","status-publish","hentry"],"yoast_head":"<!-- This site is optimized with the Yoast SEO plugin v25.8 - https:\/\/yoast.com\/wordpress\/plugins\/seo\/ -->\n<title>Formation SST &amp; incendie petite enfance \u2013 Gironde | SAP Formation - SAP-Formation<\/title>\n<meta name=\"description\" content=\"SAP Formation, certifi\u00e9 Qualiopi et habilit\u00e9 INRS, propose des formations SST, MAC SST, incendie et premiers secours enfants\/nourrissons en Gironde (33), Landes (40) et Pyr\u00e9n\u00e9es-Atlantiques (64).\" \/>\n<meta name=\"robots\" content=\"index, follow, max-snippet:-1, max-image-preview:large, max-video-preview:-1\" \/>\n<link rel=\"canonical\" href=\"https:\/\/www.sap-formation.fr\/\" \/>\n<meta property=\"og:locale\" content=\"fr_FR\" \/>\n<meta property=\"og:type\" content=\"article\" \/>\n<meta property=\"og:title\" content=\"Formation SST &amp; incendie petite enfance \u2013 Gironde | SAP Formation - SAP-Formation\" \/>\n<meta property=\"og:description\" content=\"SAP Formation, certifi\u00e9 Qualiopi et habilit\u00e9 INRS, propose des formations SST, MAC SST, incendie et premiers secours enfants\/nourrissons en Gironde (33), Landes (40) et Pyr\u00e9n\u00e9es-Atlantiques (64).\" \/>\n<meta property=\"og:url\" content=\"https:\/\/www.sap-formation.fr\/\" \/>\n<meta property=\"og:site_name\" content=\"SAP-Formation\" \/>\n<meta property=\"article:modified_time\" content=\"2025-08-29T07:09:35+00:00\" \/>\n<meta property=\"og:image\" content=\"https:\/\/www.sap-formation.fr\/wp-content\/uploads\/2025\/08\/photo-ptits-sages-3-4.jpg\" \/>\n\t<meta property=\"og:image:width\" content=\"1242\" \/>\n\t<meta property=\"og:image:height\" content=\"1711\" \/>\n\t<meta property=\"og:image:type\" content=\"image\/jpeg\" \/>\n<meta name=\"twitter:card\" content=\"summary_large_image\" \/>\n<meta name=\"twitter:label1\" content=\"Dur\u00e9e de lecture estim\u00e9e\" \/>\n\t<meta name=\"twitter:data1\" content=\"1 minute\" \/>\n<script type=\"application\/ld+json\" class=\"yoast-schema-graph\">{\"@context\":\"https:\/\/schema.org\",\"@graph\":[{\"@type\":\"WebPage\",\"@id\":\"https:\/\/www.sap-formation.fr\/\",\"url\":\"https:\/\/www.sap-formation.fr\/\",\"name\":\"Formation SST & incendie petite enfance \u2013 Gironde | SAP Formation - SAP-Formation\",\"isPartOf\":{\"@id\":\"https:\/\/www.sap-formation.fr\/#website\"},\"primaryImageOfPage\":{\"@id\":\"https:\/\/www.sap-formation.fr\/#primaryimage\"},\"image\":{\"@id\":\"https:\/\/www.sap-formation.fr\/#primaryimage\"},\"thumbnailUrl\":\"https:\/\/www.sap-formation.fr\/wp-content\/uploads\/2025\/08\/photo-ptits-sages-3-4-743x1024.jpg\",\"datePublished\":\"2022-11-21T08:10:57+00:00\",\"dateModified\":\"2025-08-29T07:09:35+00:00\",\"description\":\"SAP Formation, certifi\u00e9 Qualiopi et habilit\u00e9 INRS, propose des formations SST, MAC SST, incendie et premiers secours enfants\/nourrissons en Gironde (33), Landes (40) et Pyr\u00e9n\u00e9es-Atlantiques (64).\",\"breadcrumb\":{\"@id\":\"https:\/\/www.sap-formation.fr\/#breadcrumb\"},\"inLanguage\":\"fr-FR\",\"potentialAction\":[{\"@type\":\"ReadAction\",\"target\":[\"https:\/\/www.sap-formation.fr\/\"]}]},{\"@type\":\"ImageObject\",\"inLanguage\":\"fr-FR\",\"@id\":\"https:\/\/www.sap-formation.fr\/#primaryimage\",\"url\":\"https:\/\/www.sap-formation.fr\/wp-content\/uploads\/2025\/08\/photo-ptits-sages-3-4.jpg\",\"contentUrl\":\"https:\/\/www.sap-formation.fr\/wp-content\/uploads\/2025\/08\/photo-ptits-sages-3-4.jpg\",\"width\":1242,\"height\":1711,\"caption\":\"Retouch\u00e9e avec Lumia Selfie\"},{\"@type\":\"BreadcrumbList\",\"@id\":\"https:\/\/www.sap-formation.fr\/#breadcrumb\",\"itemListElement\":[{\"@type\":\"ListItem\",\"position\":1,\"name\":\"Accueil\",\"item\":\"https:\/\/www.sap-formation.fr\/\"},{\"@type\":\"ListItem\",\"position\":2,\"name\":\"Formation SST, incendie et premiers secours petite enfance \u2013 Gironde, Landes, Pyr\u00e9n\u00e9es-Atlantiques\"}]},{\"@type\":\"WebSite\",\"@id\":\"https:\/\/www.sap-formation.fr\/#website\",\"url\":\"https:\/\/www.sap-formation.fr\/\",\"name\":\"SAP-Formation\",\"description\":\"Formations SAP certifiantes\",\"publisher\":{\"@id\":\"https:\/\/www.sap-formation.fr\/#\/schema\/person\/3076231934e9156a43e60950274c1072\"},\"potentialAction\":[{\"@type\":\"SearchAction\",\"target\":{\"@type\":\"EntryPoint\",\"urlTemplate\":\"https:\/\/www.sap-formation.fr\/?s={search_term_string}\"},\"query-input\":{\"@type\":\"PropertyValueSpecification\",\"valueRequired\":true,\"valueName\":\"search_term_string\"}}],\"inLanguage\":\"fr-FR\"},{\"@type\":[\"Person\",\"Organization\"],\"@id\":\"https:\/\/www.sap-formation.fr\/#\/schema\/person\/3076231934e9156a43e60950274c1072\",\"name\":\"yfagalde\",\"image\":{\"@type\":\"ImageObject\",\"inLanguage\":\"fr-FR\",\"@id\":\"https:\/\/www.sap-formation.fr\/#\/schema\/person\/image\/\",\"url\":\"https:\/\/www.sap-formation.fr\/wp-content\/uploads\/2022\/11\/cropped-logo-1-1.png\",\"contentUrl\":\"https:\/\/www.sap-formation.fr\/wp-content\/uploads\/2022\/11\/cropped-logo-1-1.png\",\"width\":286,\"height\":176,\"caption\":\"yfagalde\"},\"logo\":{\"@id\":\"https:\/\/www.sap-formation.fr\/#\/schema\/person\/image\/\"},\"sameAs\":[\"https:\/\/sap-formation.fr\"]}]}<\/script>\n<!-- \/ Yoast SEO plugin. -->","yoast_head_json":{"title":"Formation SST & incendie petite enfance \u2013 Gironde | SAP Formation - SAP-Formation","description":"SAP Formation, certifi\u00e9 Qualiopi et habilit\u00e9 INRS, propose des formations SST, MAC SST, incendie et premiers secours enfants\/nourrissons en Gironde (33), Landes (40) et Pyr\u00e9n\u00e9es-Atlantiques (64).","robots":{"index":"index","follow":"follow","max-snippet":"max-snippet:-1","max-image-preview":"max-image-preview:large","max-video-preview":"max-video-preview:-1"},"canonical":"https:\/\/www.sap-formation.fr\/","og_locale":"fr_FR","og_type":"article","og_title":"Formation SST & incendie petite enfance \u2013 Gironde | SAP Formation - SAP-Formation","og_description":"SAP Formation, certifi\u00e9 Qualiopi et habilit\u00e9 INRS, propose des formations SST, MAC SST, incendie et premiers secours enfants\/nourrissons en Gironde (33), Landes (40) et Pyr\u00e9n\u00e9es-Atlantiques (64).","og_url":"https:\/\/www.sap-formation.fr\/","og_site_name":"SAP-Formation","article_modified_time":"2025-08-29T07:09:35+00:00","og_image":[{"width":1242,"height":1711,"url":"https:\/\/www.sap-formation.fr\/wp-content\/uploads\/2025\/08\/photo-ptits-sages-3-4.jpg","type":"image\/jpeg"}],"twitter_card":"summary_large_image","twitter_misc":{"Dur\u00e9e de lecture estim\u00e9e":"1 minute"},"schema":{"@context":"https:\/\/schema.org","@graph":[{"@type":"WebPage","@id":"https:\/\/www.sap-formation.fr\/","url":"https:\/\/www.sap-formation.fr\/","name":"Formation SST & incendie petite enfance \u2013 Gironde | SAP Formation - SAP-Formation","isPartOf":{"@id":"https:\/\/www.sap-formation.fr\/#website"},"primaryImageOfPage":{"@id":"https:\/\/www.sap-formation.fr\/#primaryimage"},"image":{"@id":"https:\/\/www.sap-formation.fr\/#primaryimage"},"thumbnailUrl":"https:\/\/www.sap-formation.fr\/wp-content\/uploads\/2025\/08\/photo-ptits-sages-3-4-743x1024.jpg","datePublished":"2022-11-21T08:10:57+00:00","dateModified":"2025-08-29T07:09:35+00:00","description":"SAP Formation, certifi\u00e9 Qualiopi et habilit\u00e9 INRS, propose des formations SST, MAC SST, incendie et premiers secours enfants\/nourrissons en Gironde (33), Landes (40) et Pyr\u00e9n\u00e9es-Atlantiques (64).","breadcrumb":{"@id":"https:\/\/www.sap-formation.fr\/#breadcrumb"},"inLanguage":"fr-FR","potentialAction":[{"@type":"ReadAction","target":["https:\/\/www.sap-formation.fr\/"]}]},{"@type":"ImageObject","inLanguage":"fr-FR","@id":"https:\/\/www.sap-formation.fr\/#primaryimage","url":"https:\/\/www.sap-formation.fr\/wp-content\/uploads\/2025\/08\/photo-ptits-sages-3-4.jpg","contentUrl":"https:\/\/www.sap-formation.fr\/wp-content\/uploads\/2025\/08\/photo-ptits-sages-3-4.jpg","width":1242,"height":1711,"caption":"Retouch\u00e9e avec Lumia Selfie"},{"@type":"BreadcrumbList","@id":"https:\/\/www.sap-formation.fr\/#breadcrumb","itemListElement":[{"@type":"ListItem","position":1,"name":"Accueil","item":"https:\/\/www.sap-formation.fr\/"},{"@type":"ListItem","position":2,"name":"Formation SST, incendie et premiers secours petite enfance \u2013 Gironde, Landes, Pyr\u00e9n\u00e9es-Atlantiques"}]},{"@type":"WebSite","@id":"https:\/\/www.sap-formation.fr\/#website","url":"https:\/\/www.sap-formation.fr\/","name":"SAP-Formation","description":"Formations SAP certifiantes","publisher":{"@id":"https:\/\/www.sap-formation.fr\/#\/schema\/person\/3076231934e9156a43e60950274c1072"},"potentialAction":[{"@type":"SearchAction","target":{"@type":"EntryPoint","urlTemplate":"https:\/\/www.sap-formation.fr\/?s={search_term_string}"},"query-input":{"@type":"PropertyValueSpecification","valueRequired":true,"valueName":"search_term_string"}}],"inLanguage":"fr-FR"},{"@type":["Person","Organization"],"@id":"https:\/\/www.sap-formation.fr\/#\/schema\/person\/3076231934e9156a43e60950274c1072","name":"yfagalde","image":{"@type":"ImageObject","inLanguage":"fr-FR","@id":"https:\/\/www.sap-formation.fr\/#\/schema\/person\/image\/","url":"https:\/\/www.sap-formation.fr\/wp-content\/uploads\/2022\/11\/cropped-logo-1-1.png","contentUrl":"https:\/\/www.sap-formation.fr\/wp-content\/uploads\/2022\/11\/cropped-logo-1-1.png","width":286,"height":176,"caption":"yfagalde"},"logo":{"@id":"https:\/\/www.sap-formation.fr\/#\/schema\/person\/image\/"},"sameAs":["https:\/\/sap-formation.fr"]}]}},"_links":{"self":[{"href":"https:\/\/www.sap-formation.fr\/index.php\/wp-json\/wp\/v2\/pages\/7","targetHints":{"allow":["GET"]}}],"collection":[{"href":"https:\/\/www.sap-formation.fr\/index.php\/wp-json\/wp\/v2\/pages"}],"about":[{"href":"https:\/\/www.sap-formation.fr\/index.php\/wp-json\/wp\/v2\/types\/page"}],"author":[{"embeddable":true,"href":"https:\/\/www.sap-formation.fr\/index.php\/wp-json\/wp\/v2\/users\/1"}],"replies":[{"embeddable":true,"href":"https:\/\/www.sap-formation.fr\/index.php\/wp-json\/wp\/v2\/comments?post=7"}],"version-history":[{"count":5,"href":"https:\/\/www.sap-formation.fr\/index.php\/wp-json\/wp\/v2\/pages\/7\/revisions"}],"predecessor-version":[{"id":550,"href":"https:\/\/www.sap-formation.fr\/index.php\/wp-json\/wp\/v2\/pages\/7\/revisions\/550"}],"wp:attachment":[{"href":"https:\/\/www.sap-formation.fr\/index.php\/wp-json\/wp\/v2\/media?parent=7"}],"curies":[{"name":"wp","href":"https:\/\/api.w.org\/{rel}","templated":true}]}}