{"id":580,"date":"2025-08-28T14:15:06","date_gmt":"2025-08-28T12:15:06","guid":{"rendered":"https:\/\/www.sap-formation.fr\/?page_id=580"},"modified":"2025-08-28T14:15:07","modified_gmt":"2025-08-28T12:15:07","slug":"premiers-secours-enfants-et-nourrissons-landes-40uillon-auto","status":"publish","type":"page","link":"https:\/\/www.sap-formation.fr\/index.php\/premiers-secours-enfants-et-nourrissons-landes-40uillon-auto\/","title":{"rendered":"Premiers secours enfants &amp; nourrissons \u2013 Landes (40)"},"content":{"rendered":"\n<p>SAP Formation intervient dans le d\u00e9partement des <strong>Landes (40)<\/strong> pour former aux <strong>gestes de premiers secours p\u00e9diatriques<\/strong>.<br>Nous couvrons Mont-de-Marsan, Dax, Biscarrosse, Capbreton et environs.<\/p>\n\n\n\n<h3 class=\"wp-block-heading\">Programme<\/h3>\n\n\n\n<ul class=\"wp-block-list\">\n<li>\ud83d\udc76 R\u00e9animation cardio-pulmonaire (RCP).<\/li>\n\n\n\n<li>\ud83d\udc76 \u00c9touffement : gestes adapt\u00e9s b\u00e9b\u00e9 &amp; enfant.<\/li>\n\n\n\n<li>\ud83d\udc76 Pr\u00e9vention et gestion des accidents domestiques.<\/li>\n<\/ul>\n\n\n\n<h3 class=\"wp-block-heading\">Destinataires<\/h3>\n\n\n\n<ul class=\"wp-block-list\">\n<li>Cr\u00e8ches, haltes garderies, \u00e9coles&#8230;<\/li>\n\n\n\n<li>Assistantes maternelles et parents.<\/li>\n\n\n\n<li>Collectivit\u00e9s locales.<\/li>\n<\/ul>\n\n\n\n<p>\ud83d\udcde 09 83 51 38 11 \/ 06 16 15 39 26 \u2013 \ud83d\udce7 <a>sap.formation33@gmail.com<\/a><\/p>\n","protected":false},"excerpt":{"rendered":"<p>SAP Formation intervient dans le d\u00e9partement des Landes (40) pour former aux gestes de premiers secours p\u00e9diatriques.Nous couvrons Mont-de-Marsan, Dax, Biscarrosse, Capbreton et environs. Programme Destinataires \ud83d\udcde 09 83 51 38 11 \/ 06 16 15 39 26 \u2013 \ud83d\udce7 sap.formation33@gmail.com<\/p>\n","protected":false},"author":1,"featured_media":0,"parent":0,"menu_order":0,"comment_status":"closed","ping_status":"closed","template":"","meta":{"footnotes":""},"class_list":["post-580","page","type-page","status-publish","hentry"],"yoast_head":"<!-- This site is optimized with the Yoast SEO plugin v25.8 - https:\/\/yoast.com\/wordpress\/plugins\/seo\/ -->\n<title>Premiers secours enfants &amp; nourrissons \u2013 Landes (40) - SAP-Formation<\/title>\n<meta name=\"description\" content=\"SAP Formation intervient dans le d\u00e9partement des Landes (40) pour former aux gestes de premiers secours p\u00e9diatriques.Nous couvrons Mont-de-Marsan, Dax, Biscarrosse, Capbreton et environs.Programme\ud83d\udc76 R\u00e9animation cardio-pulmonaire (RCP).\ud83d\udc76 \u00c9touffement : gestes adapt\u00e9s b\u00e9b\u00e9 &amp; enfant.\ud83d\udc76 Pr\u00e9vention et gestion des accidents domestiques.DestinatairesCr\u00e8ches, haltes garderies, \u00e9coles...Assistantes maternelles et parents.Collectivit\u00e9s locales.\ud83d\udcde 09 83 51 38 11 \/ 06 16 15 39 26 \u2013 \ud83d\udce7 sa\" \/>\n<meta name=\"robots\" content=\"index, follow, max-snippet:-1, max-image-preview:large, max-video-preview:-1\" \/>\n<link rel=\"canonical\" href=\"https:\/\/www.sap-formation.fr\/index.php\/premiers-secours-enfants-et-nourrissons-landes-40uillon-auto\/\" \/>\n<meta property=\"og:locale\" content=\"fr_FR\" \/>\n<meta property=\"og:type\" content=\"article\" \/>\n<meta property=\"og:title\" content=\"Premiers secours enfants &amp; nourrissons \u2013 Landes (40) - SAP-Formation\" \/>\n<meta property=\"og:description\" content=\"SAP Formation intervient dans le d\u00e9partement des Landes (40) pour former aux gestes de premiers secours p\u00e9diatriques.Nous couvrons Mont-de-Marsan, Dax, Biscarrosse, Capbreton et environs.Programme\ud83d\udc76 R\u00e9animation cardio-pulmonaire (RCP).\ud83d\udc76 \u00c9touffement : gestes adapt\u00e9s b\u00e9b\u00e9 &amp; enfant.\ud83d\udc76 Pr\u00e9vention et gestion des accidents domestiques.DestinatairesCr\u00e8ches, haltes garderies, \u00e9coles...Assistantes maternelles et parents.Collectivit\u00e9s locales.\ud83d\udcde 09 83 51 38 11 \/ 06 16 15 39 26 \u2013 \ud83d\udce7 sa\" \/>\n<meta property=\"og:url\" content=\"https:\/\/www.sap-formation.fr\/index.php\/premiers-secours-enfants-et-nourrissons-landes-40uillon-auto\/\" \/>\n<meta property=\"og:site_name\" content=\"SAP-Formation\" \/>\n<meta property=\"article:modified_time\" content=\"2025-08-28T12:15:07+00:00\" \/>\n<meta name=\"twitter:card\" content=\"summary_large_image\" \/>\n<meta name=\"twitter:label1\" content=\"Dur\u00e9e de lecture estim\u00e9e\" \/>\n\t<meta name=\"twitter:data1\" content=\"1 minute\" \/>\n<script type=\"application\/ld+json\" class=\"yoast-schema-graph\">{\"@context\":\"https:\/\/schema.org\",\"@graph\":[{\"@type\":\"WebPage\",\"@id\":\"https:\/\/www.sap-formation.fr\/index.php\/premiers-secours-enfants-et-nourrissons-landes-40uillon-auto\/\",\"url\":\"https:\/\/www.sap-formation.fr\/index.php\/premiers-secours-enfants-et-nourrissons-landes-40uillon-auto\/\",\"name\":\"Premiers secours enfants &amp; nourrissons \u2013 Landes (40) - SAP-Formation\",\"isPartOf\":{\"@id\":\"https:\/\/www.sap-formation.fr\/#website\"},\"datePublished\":\"2025-08-28T12:15:06+00:00\",\"dateModified\":\"2025-08-28T12:15:07+00:00\",\"description\":\"SAP Formation intervient dans le d\u00e9partement des Landes (40) pour former aux gestes de premiers secours p\u00e9diatriques.Nous couvrons Mont-de-Marsan, Dax, Biscarrosse, Capbreton et environs.Programme\ud83d\udc76 R\u00e9animation cardio-pulmonaire (RCP).\ud83d\udc76 \u00c9touffement : gestes adapt\u00e9s b\u00e9b\u00e9 & enfant.\ud83d\udc76 Pr\u00e9vention et gestion des accidents domestiques.DestinatairesCr\u00e8ches, haltes garderies, \u00e9coles...Assistantes maternelles et parents.Collectivit\u00e9s locales.\ud83d\udcde 09 83 51 38 11 \/ 06 16 15 39 26 \u2013 \ud83d\udce7 sa\",\"breadcrumb\":{\"@id\":\"https:\/\/www.sap-formation.fr\/index.php\/premiers-secours-enfants-et-nourrissons-landes-40uillon-auto\/#breadcrumb\"},\"inLanguage\":\"fr-FR\",\"potentialAction\":[{\"@type\":\"ReadAction\",\"target\":[\"https:\/\/www.sap-formation.fr\/index.php\/premiers-secours-enfants-et-nourrissons-landes-40uillon-auto\/\"]}]},{\"@type\":\"BreadcrumbList\",\"@id\":\"https:\/\/www.sap-formation.fr\/index.php\/premiers-secours-enfants-et-nourrissons-landes-40uillon-auto\/#breadcrumb\",\"itemListElement\":[{\"@type\":\"ListItem\",\"position\":1,\"name\":\"Accueil\",\"item\":\"https:\/\/www.sap-formation.fr\/\"},{\"@type\":\"ListItem\",\"position\":2,\"name\":\"Premiers secours enfants &amp; nourrissons \u2013 Landes (40)\"}]},{\"@type\":\"WebSite\",\"@id\":\"https:\/\/www.sap-formation.fr\/#website\",\"url\":\"https:\/\/www.sap-formation.fr\/\",\"name\":\"SAP-Formation\",\"description\":\"Formations SAP certifiantes\",\"publisher\":{\"@id\":\"https:\/\/www.sap-formation.fr\/#\/schema\/person\/3076231934e9156a43e60950274c1072\"},\"potentialAction\":[{\"@type\":\"SearchAction\",\"target\":{\"@type\":\"EntryPoint\",\"urlTemplate\":\"https:\/\/www.sap-formation.fr\/?s={search_term_string}\"},\"query-input\":{\"@type\":\"PropertyValueSpecification\",\"valueRequired\":true,\"valueName\":\"search_term_string\"}}],\"inLanguage\":\"fr-FR\"},{\"@type\":[\"Person\",\"Organization\"],\"@id\":\"https:\/\/www.sap-formation.fr\/#\/schema\/person\/3076231934e9156a43e60950274c1072\",\"name\":\"yfagalde\",\"image\":{\"@type\":\"ImageObject\",\"inLanguage\":\"fr-FR\",\"@id\":\"https:\/\/www.sap-formation.fr\/#\/schema\/person\/image\/\",\"url\":\"https:\/\/www.sap-formation.fr\/wp-content\/uploads\/2022\/11\/cropped-logo-1-1.png\",\"contentUrl\":\"https:\/\/www.sap-formation.fr\/wp-content\/uploads\/2022\/11\/cropped-logo-1-1.png\",\"width\":286,\"height\":176,\"caption\":\"yfagalde\"},\"logo\":{\"@id\":\"https:\/\/www.sap-formation.fr\/#\/schema\/person\/image\/\"},\"sameAs\":[\"https:\/\/sap-formation.fr\"]}]}<\/script>\n<!-- \/ Yoast SEO plugin. -->","yoast_head_json":{"title":"Premiers secours enfants &amp; nourrissons \u2013 Landes (40) - SAP-Formation","description":"SAP Formation intervient dans le d\u00e9partement des Landes (40) pour former aux gestes de premiers secours p\u00e9diatriques.Nous couvrons Mont-de-Marsan, Dax, Biscarrosse, Capbreton et environs.Programme\ud83d\udc76 R\u00e9animation cardio-pulmonaire (RCP).\ud83d\udc76 \u00c9touffement : gestes adapt\u00e9s b\u00e9b\u00e9 & enfant.\ud83d\udc76 Pr\u00e9vention et gestion des accidents domestiques.DestinatairesCr\u00e8ches, haltes garderies, \u00e9coles...Assistantes maternelles et parents.Collectivit\u00e9s locales.\ud83d\udcde 09 83 51 38 11 \/ 06 16 15 39 26 \u2013 \ud83d\udce7 sa","robots":{"index":"index","follow":"follow","max-snippet":"max-snippet:-1","max-image-preview":"max-image-preview:large","max-video-preview":"max-video-preview:-1"},"canonical":"https:\/\/www.sap-formation.fr\/index.php\/premiers-secours-enfants-et-nourrissons-landes-40uillon-auto\/","og_locale":"fr_FR","og_type":"article","og_title":"Premiers secours enfants &amp; nourrissons \u2013 Landes (40) - SAP-Formation","og_description":"SAP Formation intervient dans le d\u00e9partement des Landes (40) pour former aux gestes de premiers secours p\u00e9diatriques.Nous couvrons Mont-de-Marsan, Dax, Biscarrosse, Capbreton et environs.Programme\ud83d\udc76 R\u00e9animation cardio-pulmonaire (RCP).\ud83d\udc76 \u00c9touffement : gestes adapt\u00e9s b\u00e9b\u00e9 & enfant.\ud83d\udc76 Pr\u00e9vention et gestion des accidents domestiques.DestinatairesCr\u00e8ches, haltes garderies, \u00e9coles...Assistantes maternelles et parents.Collectivit\u00e9s locales.\ud83d\udcde 09 83 51 38 11 \/ 06 16 15 39 26 \u2013 \ud83d\udce7 sa","og_url":"https:\/\/www.sap-formation.fr\/index.php\/premiers-secours-enfants-et-nourrissons-landes-40uillon-auto\/","og_site_name":"SAP-Formation","article_modified_time":"2025-08-28T12:15:07+00:00","twitter_card":"summary_large_image","twitter_misc":{"Dur\u00e9e de lecture estim\u00e9e":"1 minute"},"schema":{"@context":"https:\/\/schema.org","@graph":[{"@type":"WebPage","@id":"https:\/\/www.sap-formation.fr\/index.php\/premiers-secours-enfants-et-nourrissons-landes-40uillon-auto\/","url":"https:\/\/www.sap-formation.fr\/index.php\/premiers-secours-enfants-et-nourrissons-landes-40uillon-auto\/","name":"Premiers secours enfants &amp; nourrissons \u2013 Landes (40) - SAP-Formation","isPartOf":{"@id":"https:\/\/www.sap-formation.fr\/#website"},"datePublished":"2025-08-28T12:15:06+00:00","dateModified":"2025-08-28T12:15:07+00:00","description":"SAP Formation intervient dans le d\u00e9partement des Landes (40) pour former aux gestes de premiers secours p\u00e9diatriques.Nous couvrons Mont-de-Marsan, Dax, Biscarrosse, Capbreton et environs.Programme\ud83d\udc76 R\u00e9animation cardio-pulmonaire (RCP).\ud83d\udc76 \u00c9touffement : gestes adapt\u00e9s b\u00e9b\u00e9 & enfant.\ud83d\udc76 Pr\u00e9vention et gestion des accidents domestiques.DestinatairesCr\u00e8ches, haltes garderies, \u00e9coles...Assistantes maternelles et parents.Collectivit\u00e9s locales.\ud83d\udcde 09 83 51 38 11 \/ 06 16 15 39 26 \u2013 \ud83d\udce7 sa","breadcrumb":{"@id":"https:\/\/www.sap-formation.fr\/index.php\/premiers-secours-enfants-et-nourrissons-landes-40uillon-auto\/#breadcrumb"},"inLanguage":"fr-FR","potentialAction":[{"@type":"ReadAction","target":["https:\/\/www.sap-formation.fr\/index.php\/premiers-secours-enfants-et-nourrissons-landes-40uillon-auto\/"]}]},{"@type":"BreadcrumbList","@id":"https:\/\/www.sap-formation.fr\/index.php\/premiers-secours-enfants-et-nourrissons-landes-40uillon-auto\/#breadcrumb","itemListElement":[{"@type":"ListItem","position":1,"name":"Accueil","item":"https:\/\/www.sap-formation.fr\/"},{"@type":"ListItem","position":2,"name":"Premiers secours enfants &amp; nourrissons \u2013 Landes (40)"}]},{"@type":"WebSite","@id":"https:\/\/www.sap-formation.fr\/#website","url":"https:\/\/www.sap-formation.fr\/","name":"SAP-Formation","description":"Formations SAP certifiantes","publisher":{"@id":"https:\/\/www.sap-formation.fr\/#\/schema\/person\/3076231934e9156a43e60950274c1072"},"potentialAction":[{"@type":"SearchAction","target":{"@type":"EntryPoint","urlTemplate":"https:\/\/www.sap-formation.fr\/?s={search_term_string}"},"query-input":{"@type":"PropertyValueSpecification","valueRequired":true,"valueName":"search_term_string"}}],"inLanguage":"fr-FR"},{"@type":["Person","Organization"],"@id":"https:\/\/www.sap-formation.fr\/#\/schema\/person\/3076231934e9156a43e60950274c1072","name":"yfagalde","image":{"@type":"ImageObject","inLanguage":"fr-FR","@id":"https:\/\/www.sap-formation.fr\/#\/schema\/person\/image\/","url":"https:\/\/www.sap-formation.fr\/wp-content\/uploads\/2022\/11\/cropped-logo-1-1.png","contentUrl":"https:\/\/www.sap-formation.fr\/wp-content\/uploads\/2022\/11\/cropped-logo-1-1.png","width":286,"height":176,"caption":"yfagalde"},"logo":{"@id":"https:\/\/www.sap-formation.fr\/#\/schema\/person\/image\/"},"sameAs":["https:\/\/sap-formation.fr"]}]}},"_links":{"self":[{"href":"https:\/\/www.sap-formation.fr\/index.php\/wp-json\/wp\/v2\/pages\/580","targetHints":{"allow":["GET"]}}],"collection":[{"href":"https:\/\/www.sap-formation.fr\/index.php\/wp-json\/wp\/v2\/pages"}],"about":[{"href":"https:\/\/www.sap-formation.fr\/index.php\/wp-json\/wp\/v2\/types\/page"}],"author":[{"embeddable":true,"href":"https:\/\/www.sap-formation.fr\/index.php\/wp-json\/wp\/v2\/users\/1"}],"replies":[{"embeddable":true,"href":"https:\/\/www.sap-formation.fr\/index.php\/wp-json\/wp\/v2\/comments?post=580"}],"version-history":[{"count":1,"href":"https:\/\/www.sap-formation.fr\/index.php\/wp-json\/wp\/v2\/pages\/580\/revisions"}],"predecessor-version":[{"id":581,"href":"https:\/\/www.sap-formation.fr\/index.php\/wp-json\/wp\/v2\/pages\/580\/revisions\/581"}],"wp:attachment":[{"href":"https:\/\/www.sap-formation.fr\/index.php\/wp-json\/wp\/v2\/media?parent=580"}],"curies":[{"name":"wp","href":"https:\/\/api.w.org\/{rel}","templated":true}]}}